{"id":1856,"date":"2022-10-27T15:18:31","date_gmt":"2022-10-27T13:18:31","guid":{"rendered":"https:\/\/lasource.be\/?page_id=1856"},"modified":"2025-08-08T12:10:19","modified_gmt":"2025-08-08T10:10:19","slug":"formations-en-orientation-professionnelle","status":"publish","type":"page","link":"https:\/\/lasource.be\/?page_id=1856","title":{"rendered":"Formations en orientation professionnelle"},"content":{"rendered":"<p><img data-attachment-id=\"159\" data-permalink=\"https:\/\/lasource.be\/?attachment_id=159\" data-orig-file=\"https:\/\/i0.wp.com\/lasource.be\/wp-content\/uploads\/2017\/07\/Logo-CISP-Une-cascade-de-ressources-Finish-3.png?fit=593%2C518&amp;ssl=1\" data-orig-size=\"593,518\" data-comments-opened=\"1\" data-image-meta=\"{&quot;aperture&quot;:&quot;0&quot;,&quot;credit&quot;:&quot;&quot;,&quot;camera&quot;:&quot;&quot;,&quot;caption&quot;:&quot;&quot;,&quot;created_timestamp&quot;:&quot;0&quot;,&quot;copyright&quot;:&quot;&quot;,&quot;focal_length&quot;:&quot;0&quot;,&quot;iso&quot;:&quot;0&quot;,&quot;shutter_speed&quot;:&quot;0&quot;,&quot;title&quot;:&quot;&quot;,&quot;orientation&quot;:&quot;0&quot;}\" data-image-title=\"Logo CISP Une cascade de ressources Finish\" data-image-description=\"\" data-image-caption=\"\" data-medium-file=\"https:\/\/i0.wp.com\/lasource.be\/wp-content\/uploads\/2017\/07\/Logo-CISP-Une-cascade-de-ressources-Finish-3.png?fit=300%2C262&amp;ssl=1\" data-large-file=\"https:\/\/i0.wp.com\/lasource.be\/wp-content\/uploads\/2017\/07\/Logo-CISP-Une-cascade-de-ressources-Finish-3.png?fit=593%2C518&amp;ssl=1\" decoding=\"async\" loading=\"lazy\" class=\"aligncenter wp-image-159\" src=\"https:\/\/i0.wp.com\/lasource.be\/wp-content\/uploads\/2017\/07\/Logo-CISP-Une-cascade-de-ressources-Finish-3-300x262.png?resize=140%2C122\" alt=\"\" width=\"140\" height=\"122\" srcset=\"https:\/\/i0.wp.com\/lasource.be\/wp-content\/uploads\/2017\/07\/Logo-CISP-Une-cascade-de-ressources-Finish-3.png?resize=300%2C262&amp;ssl=1 300w, https:\/\/i0.wp.com\/lasource.be\/wp-content\/uploads\/2017\/07\/Logo-CISP-Une-cascade-de-ressources-Finish-3.png?w=593&amp;ssl=1 593w\" sizes=\"(max-width: 140px) 100vw, 140px\" data-recalc-dims=\"1\" \/><\/p>\n<p style=\"text-align: center;\">Vous vous sentez pr\u00eat \u00e0 bouger, \u00e0 d\u00e9couvrir de nouvelles orientations pour construire votre avenir personnel et professionnel ?<\/p>\n<p style=\"text-align: center;\"><strong>Nous vous proposons des formations en orientation professionnelle adapt\u00e9es \u00e0 vos besoins !<\/strong><\/p>\n<p style=\"text-align: center;\"><a href=\"https:\/\/lasource.be\/?page_id=1835\" target=\"_blank\" rel=\"noopener\">Je Booste Mon Avenir 28h<\/a> &#8211; <a href=\"https:\/\/lasource.be\/?page_id=44\" target=\"_blank\" rel=\"noopener\">Je Cr\u00e9e Mon Avenir 35h<\/a><\/p>\n<p>&nbsp;<\/p>\n<p>&nbsp;<\/p>\n<p style=\"text-align: right;\"><em>\u00ab\u00a0Bouger, aller \u00e0 la rencontre de soi et des autres,<br \/>\n<\/em><em>susciter la d\u00e9couverte de ses talents<\/em><br \/>\n<em>insoup\u00e7onn\u00e9s et les travailler,<br \/>\nse mettre en situation de cr\u00e9ation professionnelle&#8230;<\/em><br \/>\n<em>plein de possibles sont l\u00e0 tout \u00e0 c\u00f4t\u00e9 de nous&#8230; alors&#8230;<br \/>\n<\/em><em>Entrons dans le concret et enrichissons-nous de nouvelles connaissances&#8230;<\/em><br \/>\n<em>pour un avenir prometteur.\u00a0\u00bb<br \/>\nJacqueline Bertaux<br \/>\n<\/em><\/p>\n","protected":false},"excerpt":{"rendered":"<p>Vous vous sentez pr\u00eat \u00e0 bouger, \u00e0 d\u00e9couvrir de nouvelles orientations pour construire votre avenir personnel et professionnel ? Nous vous proposons des formations en orientation professionnelle adapt\u00e9es \u00e0 vos&hellip; <a href=\"https:\/\/lasource.be\/?page_id=1856\" class=\"more-link\">Lire la suite <span class=\"screen-reader-text\">Formations en orientation professionnelle<\/span><\/a><\/p>\n","protected":false},"author":1,"featured_media":0,"parent":39,"menu_order":1,"comment_status":"closed","ping_status":"closed","template":"","meta":{"jetpack_post_was_ever_published":false},"tags":[],"jetpack_sharing_enabled":true,"jetpack_shortlink":"https:\/\/wp.me\/P8UIgU-tW","jetpack-related-posts":[{"id":44,"url":"https:\/\/lasource.be\/?page_id=44","url_meta":{"origin":1856,"position":0},"title":"Je Cr\u00e9e Mon Avenir 35h","date":"6 juillet 2017","format":false,"excerpt":"- Formation destin\u00e9e \u00e0 toute personne ayant besoin d'accompagnement afin de d\u00e9terminer son projet ou sa r\u00e9orientation professionnelle - Objectifs : Construire\/d\u00e9finir son projet professionnel et personnel \u00c9tablir un plan d\u2019actions Pour y participer : La formation est ouverte aux personnes de tous \u00e2ges, \u00e0 partir de 18 ans :\u2026","rel":"","context":"Article similaire","img":{"alt_text":"","src":"https:\/\/i0.wp.com\/lasource.be\/wp-content\/uploads\/2025\/08\/Pub-JCMA-sans-date-300x192.png?resize=350%2C200&ssl=1","width":350,"height":200},"classes":[]},{"id":1835,"url":"https:\/\/lasource.be\/?page_id=1835","url_meta":{"origin":1856,"position":1},"title":"Je Booste Mon Avenir 28h","date":"26 octobre 2022","format":false,"excerpt":"- Formation destin\u00e9e \u00e0 toute personne ayant besoin d'un petit coup de boost afin de concr\u00e9tiser son projet professionnel - Objectifs : D\u00e9finir\/confirmer son projet professionnel et personnel \u00c9tablir un plan d\u2019actions Pour y participer : La formation est ouverte aux personnes de tous \u00e2ges, \u00e0 partir de 18 ans\u2026","rel":"","context":"Article similaire","img":{"alt_text":"","src":"https:\/\/i0.wp.com\/lasource.be\/wp-content\/uploads\/2024\/07\/Pub-JBMA-2024-generale-300x192.png?resize=350%2C200&ssl=1","width":350,"height":200},"classes":[]},{"id":39,"url":"https:\/\/lasource.be\/?page_id=39","url_meta":{"origin":1856,"position":2},"title":"Nos Formations","date":"6 juillet 2017","format":false,"excerpt":"En tant que Centre d'Insertion SocioProfessionnelle (CISP), La Source assure la formation de stagiaires \u00e9loign\u00e9s de l'emploi. Nous d\u00e9veloppons une p\u00e9dagogie sp\u00e9cifique afin de permettre aux stagiaires (c'est comme cela que sont appel\u00e9s les participants \u00e0 nos formations) d'acqu\u00e9rir des comp\u00e9tences g\u00e9n\u00e9rales et techniques, tout en b\u00e9n\u00e9ficiant d'un accompagnement psychosocial.\u2026","rel":"","context":"Article similaire","img":{"alt_text":"","src":"","width":0,"height":0},"classes":[]},{"id":45,"url":"https:\/\/lasource.be\/?page_id=45","url_meta":{"origin":1856,"position":3},"title":"Centre de Formation CISP","date":"6 juillet 2017","format":false,"excerpt":"Les Centres d\u2019insertion socioprofessionnelle (CISP) assurent la formation de stagiaires \u00e9loign\u00e9s de l\u2019emploi. Ils recourent \u00e0 une p\u00e9dagogie sp\u00e9cifique pour permettre aux stagiaires d\u2019acqu\u00e9rir des comp\u00e9tences g\u00e9n\u00e9rales et techniques, tout en b\u00e9n\u00e9ficiant d\u2019un accompagnement psychosocial. Les CISP remplacent les Organismes d\u2019insertion socioprofessionnelle (OISP) et les Entreprises de Formation par le\u2026","rel":"","context":"Article similaire","img":{"alt_text":"","src":"","width":0,"height":0},"classes":[]},{"id":42,"url":"https:\/\/lasource.be\/?page_id=42","url_meta":{"origin":1856,"position":4},"title":"Formation de base en BUREAUTIQUE","date":"6 juillet 2017","format":false,"excerpt":"Form\u00e9 \u00e0 la pointe du progr\u00e8s, mettez toutes les chances de votre c\u00f4t\u00e9 ! Afin de vous initier ou de vous perfectionner, nous vous proposons diverses formations adapt\u00e9es \u00e0 tous les niveaux \u00a0 Nous proposons des formations informatiques adapt\u00e9es \u00e0 tous les niveaux, destin\u00e9es aux chercheurs d'emploi : La formation\u2026","rel":"","context":"Article similaire","img":{"alt_text":"","src":"https:\/\/i0.wp.com\/lasource.be\/wp-content\/uploads\/2018\/08\/SAM_9977-300x225.jpg?resize=350%2C200","width":350,"height":200},"classes":[]},{"id":231,"url":"https:\/\/lasource.be\/?page_id=231","url_meta":{"origin":1856,"position":5},"title":"Formation Bureau&rsquo;Tic","date":"18 juillet 2017","format":false,"excerpt":"- Formation pr\u00e9-qualifiante destin\u00e9e \u00e0 toute personne qui souhaite s'initier ou se perfectionner dans les logiciels de la suite bureautique\u00a0 Microsoft Office - Pour y participer : La formation est ouverte aux personnes de tous \u00e2ges, \u00e0 partir de 18 ans : au ch\u00f4mage au Revenu d'Int\u00e9gration Sociale inscrites en\u2026","rel":"","context":"Article similaire","img":{"alt_text":"","src":"https:\/\/i0.wp.com\/lasource.be\/wp-content\/uploads\/2022\/10\/Visuel-Seances-info-BUREAU-TIC-300x300.png?resize=350%2C200&ssl=1","width":350,"height":200},"classes":[]}],"_links":{"self":[{"href":"https:\/\/lasource.be\/index.php?rest_route=\/wp\/v2\/pages\/1856"}],"collection":[{"href":"https:\/\/lasource.be\/index.php?rest_route=\/wp\/v2\/pages"}],"about":[{"href":"https:\/\/lasource.be\/index.php?rest_route=\/wp\/v2\/types\/page"}],"author":[{"embeddable":true,"href":"https:\/\/lasource.be\/index.php?rest_route=\/wp\/v2\/users\/1"}],"replies":[{"embeddable":true,"href":"https:\/\/lasource.be\/index.php?rest_route=%2Fwp%2Fv2%2Fcomments&post=1856"}],"version-history":[{"count":8,"href":"https:\/\/lasource.be\/index.php?rest_route=\/wp\/v2\/pages\/1856\/revisions"}],"predecessor-version":[{"id":2778,"href":"https:\/\/lasource.be\/index.php?rest_route=\/wp\/v2\/pages\/1856\/revisions\/2778"}],"up":[{"embeddable":true,"href":"https:\/\/lasource.be\/index.php?rest_route=\/wp\/v2\/pages\/39"}],"wp:attachment":[{"href":"https:\/\/lasource.be\/index.php?rest_route=%2Fwp%2Fv2%2Fmedia&parent=1856"}],"wp:term":[{"taxonomy":"post_tag","embeddable":true,"href":"https:\/\/lasource.be\/index.php?rest_route=%2Fwp%2Fv2%2Ftags&post=1856"}],"curies":[{"name":"wp","href":"https:\/\/api.w.org\/{rel}","templated":true}]}}

<p><img data-attachment-id="159" data-permalink="https://lasource.be/?attachment_id=159" data-orig-file="https://i0.wp.com/lasource.be/wp-content/uploads/2017/07/Logo-CISP-Une-cascade-de-ressources-Finish-3.png?fit=593%2C518&amp;ssl=1" data-orig-size="593,518" data-comments-opened="1" data-image-meta="{&quot;aperture&quot;:&quot;0&quot;,&quot;credit&quot;:&quot;&quot;,&quot;camera&quot;:&quot;&quot;,&quot;caption&quot;:&quot;&quot;,&quot;created_timestamp&quot;:&quot;0&quot;,&quot;copyright&quot;:&quot;&quot;,&quot;focal_length&quot;:&quot;0&quot;,&quot;iso&quot;:&quot;0&quot;,&quot;shutter_speed&quot;:&quot;0&quot;,&quot;title&quot;:&quot;&quot;,&quot;orientation&quot;:&quot;0&quot;}" data-image-title="Logo CISP Une cascade de ressources Finish" data-image-description="" data-image-caption="" data-medium-file="https://i0.wp.com/lasource.be/wp-content/uploads/2017/07/Logo-CISP-Une-cascade-de-ressources-Finish-3.png?fit=300%2C262&amp;ssl=1" data-large-file="https://i0.wp.com/lasource.be/wp-content/uploads/2017/07/Logo-CISP-Une-cascade-de-ressources-Finish-3.png?fit=593%2C518&amp;ssl=1" decoding="async" loading="lazy" class="aligncenter wp-image-159" src="https://i0.wp.com/lasource.be/wp-content/uploads/2017/07/Logo-CISP-Une-cascade-de-ressources-Finish-3-300x262.png?resize=140%2C122" alt="" width="140" height="122" srcset="https://i0.wp.com/lasource.be/wp-content/uploads/2017/07/Logo-CISP-Une-cascade-de-ressources-Finish-3.png?resize=300%2C262&amp;ssl=1 300w, https://i0.wp.com/lasource.be/wp-content/uploads/2017/07/Logo-CISP-Une-cascade-de-ressources-Finish-3.png?w=593&amp;ssl=1 593w" sizes="(max-width: 140px) 100vw, 140px" data-recalc-dims="1" /></p>
<p style="text-align: center;">Vous vous sentez prêt à bouger, à découvrir de nouvelles orientations pour construire votre avenir personnel et professionnel ?</p>
<p style="text-align: center;"><strong>Nous vous proposons des formations en orientation professionnelle adaptées à vos besoins !</strong></p>
<p style="text-align: center;"><a href="https://lasource.be/?page_id=1835" target="_blank" rel="noopener">Je Booste Mon Avenir 28h</a> &#8211; <a href="https://lasource.be/?page_id=44" target="_blank" rel="noopener">Je Crée Mon Avenir 35h</a></p>
<p>&nbsp;</p>
<p>&nbsp;</p>
<p style="text-align: right;"><em>« Bouger, aller à la rencontre de soi et des autres,<br />
</em><em>susciter la découverte de ses talents</em><br />
<em>insoupçonnés et les travailler,<br />
se mettre en situation de création professionnelle&#8230;</em><br />
<em>plein de possibles sont là tout à côté de nous&#8230; alors&#8230;<br />
</em><em>Entrons dans le concret et enrichissons-nous de nouvelles connaissances&#8230;</em><br />
<em>pour un avenir prometteur. »<br />
Jacqueline Bertaux<br />
</em></p>

<p>Vous vous sentez prêt à bouger, à découvrir de nouvelles orientations pour construire votre avenir personnel et professionnel ? Nous vous proposons des formations en orientation professionnelle adaptées à vos&hellip; <a href="https://lasource.be/?page_id=1856" class="more-link">Lire la suite <span class="screen-reader-text">Formations en orientation professionnelle</span></a></p>

Je Crée Mon Avenir 35h

- Formation destinée à toute personne ayant besoin d'accompagnement afin de déterminer son projet ou sa réorientation professionnelle - Objectifs : Construire/définir son projet professionnel et personnel Établir un plan d’actions Pour y participer : La formation est ouverte aux personnes de tous âges, à partir de 18 ans :…

- Formation destinée à toute personne ayant besoin d'un petit coup de boost afin de concrétiser son projet professionnel - Objectifs : Définir/confirmer son projet professionnel et personnel Établir un plan d’actions Pour y participer : La formation est ouverte aux personnes de tous âges, à partir de 18 ans…

En tant que Centre d'Insertion SocioProfessionnelle (CISP), La Source assure la formation de stagiaires éloignés de l'emploi. Nous développons une pédagogie spécifique afin de permettre aux stagiaires (c'est comme cela que sont appelés les participants à nos formations) d'acquérir des compétences générales et techniques, tout en bénéficiant d'un accompagnement psychosocial.…

Les Centres d’insertion socioprofessionnelle (CISP) assurent la formation de stagiaires éloignés de l’emploi. Ils recourent à une pédagogie spécifique pour permettre aux stagiaires d’acquérir des compétences générales et techniques, tout en bénéficiant d’un accompagnement psychosocial. Les CISP remplacent les Organismes d’insertion socioprofessionnelle (OISP) et les Entreprises de Formation par le…

Formé à la pointe du progrès, mettez toutes les chances de votre côté ! Afin de vous initier ou de vous perfectionner, nous vous proposons diverses formations adaptées à tous les niveaux   Nous proposons des formations informatiques adaptées à tous les niveaux, destinées aux chercheurs d'emploi : La formation…

- Formation pré-qualifiante destinée à toute personne qui souhaite s'initier ou se perfectionner dans les logiciels de la suite bureautique  Microsoft Office - Pour y participer : La formation est ouverte aux personnes de tous âges, à partir de 18 ans : au chômage au Revenu d'Intégration Sociale inscrites en…
