{"id":2478,"date":"2024-02-13T16:26:21","date_gmt":"2024-02-13T15:26:21","guid":{"rendered":"https:\/\/lasource.be\/?page_id=2478"},"modified":"2026-02-09T16:40:45","modified_gmt":"2026-02-09T15:40:45","slug":"formation-de-base-pmtic-2","status":"publish","type":"page","link":"https:\/\/lasource.be\/?page_id=2478","title":{"rendered":"Formation DIGISTART"},"content":{"rendered":"<p><a href=\"https:\/\/i0.wp.com\/lasource.be\/wp-content\/uploads\/2025\/08\/pub-DIGISTART-sans-date.png?ssl=1\" target=\"_blank\" rel=\"noopener\"><img data-attachment-id=\"2788\" data-permalink=\"https:\/\/lasource.be\/?attachment_id=2788\" data-orig-file=\"https:\/\/i0.wp.com\/lasource.be\/wp-content\/uploads\/2025\/08\/pub-DIGISTART-sans-date.png?fit=2504%2C1843&amp;ssl=1\" data-orig-size=\"2504,1843\" data-comments-opened=\"1\" data-image-meta=\"{&quot;aperture&quot;:&quot;0&quot;,&quot;credit&quot;:&quot;&quot;,&quot;camera&quot;:&quot;&quot;,&quot;caption&quot;:&quot;&quot;,&quot;created_timestamp&quot;:&quot;0&quot;,&quot;copyright&quot;:&quot;&quot;,&quot;focal_length&quot;:&quot;0&quot;,&quot;iso&quot;:&quot;0&quot;,&quot;shutter_speed&quot;:&quot;0&quot;,&quot;title&quot;:&quot;&quot;,&quot;orientation&quot;:&quot;0&quot;}\" data-image-title=\"pub DIGISTART sans date\" data-image-description=\"\" data-image-caption=\"\" data-medium-file=\"https:\/\/i0.wp.com\/lasource.be\/wp-content\/uploads\/2025\/08\/pub-DIGISTART-sans-date.png?fit=300%2C221&amp;ssl=1\" data-large-file=\"https:\/\/i0.wp.com\/lasource.be\/wp-content\/uploads\/2025\/08\/pub-DIGISTART-sans-date.png?fit=825%2C607&amp;ssl=1\" decoding=\"async\" loading=\"lazy\" class=\"aligncenter wp-image-2788\" src=\"https:\/\/i0.wp.com\/lasource.be\/wp-content\/uploads\/2025\/08\/pub-DIGISTART-sans-date.png?resize=600%2C442&#038;ssl=1\" alt=\"\" width=\"600\" height=\"442\" srcset=\"https:\/\/i0.wp.com\/lasource.be\/wp-content\/uploads\/2025\/08\/pub-DIGISTART-sans-date.png?resize=300%2C221&amp;ssl=1 300w, https:\/\/i0.wp.com\/lasource.be\/wp-content\/uploads\/2025\/08\/pub-DIGISTART-sans-date.png?resize=1024%2C754&amp;ssl=1 1024w, https:\/\/i0.wp.com\/lasource.be\/wp-content\/uploads\/2025\/08\/pub-DIGISTART-sans-date.png?resize=768%2C565&amp;ssl=1 768w, https:\/\/i0.wp.com\/lasource.be\/wp-content\/uploads\/2025\/08\/pub-DIGISTART-sans-date.png?resize=1536%2C1131&amp;ssl=1 1536w, https:\/\/i0.wp.com\/lasource.be\/wp-content\/uploads\/2025\/08\/pub-DIGISTART-sans-date.png?resize=2048%2C1507&amp;ssl=1 2048w, https:\/\/i0.wp.com\/lasource.be\/wp-content\/uploads\/2025\/08\/pub-DIGISTART-sans-date.png?w=1650&amp;ssl=1 1650w, https:\/\/i0.wp.com\/lasource.be\/wp-content\/uploads\/2025\/08\/pub-DIGISTART-sans-date.png?w=2475&amp;ssl=1 2475w\" sizes=\"(max-width: 600px) 100vw, 600px\" data-recalc-dims=\"1\" \/><\/a><\/p>\n<p style=\"text-align: center;\"><em><span style=\"color: #000000;\">&#8211; Formation aux comp\u00e9tences num\u00e9riques de base favorisant l&rsquo;insertion socioprofessionnelle &#8211;<\/span><\/em><\/p>\n<h3 style=\"text-align: left;\"><span style=\"color: #d03740;\">Pour y participer :<\/span><\/h3>\n<p style=\"text-align: left;\">La formation est ouverte aux personnes de tous \u00e2ges, \u00e0 partir de 18 ans :<\/p>\n<ul>\n<li style=\"text-align: left;\">au ch\u00f4mage<\/li>\n<li>au Revenu d&rsquo;Int\u00e9gration Sociale<\/li>\n<li>inscrites en tant que chercheurs d&#8217;emploi<\/li>\n<\/ul>\n<h3><span style=\"color: #d03740;\">Objectifs :<\/span><\/h3>\n<ul>\n<li>Acqu\u00e9rir les comp\u00e9tences num\u00e9riques de base utiles et n\u00e9cessaires dans la soci\u00e9t\u00e9 actuelle de plus en plus digitalis\u00e9e<\/li>\n<li>Sensibiliser et initier le public aux nouvelles technologies<\/li>\n<li>D\u00e9couvrir et\/ou s&rsquo;approprier les outils et services num\u00e9riques en ligne<\/li>\n<li>Devenir autonome dans les d\u00e9marches essentielles du quotidien (personnelles et\/ou professionnelles) \u00e0 l&rsquo;aide de ses propres outils (PC, ordinateur portable, Smartphone, tablette, &#8230;)<\/li>\n<li>Identifier ses lacunes et trouver de l&rsquo;aide afin de r\u00e9soudre ses probl\u00e8mes<\/li>\n<li>&#8230;<\/li>\n<\/ul>\n<h3><span style=\"color: #d03740;\">Avantages :<\/span><\/h3>\n<ul>\n<li>Contrat de formation Forem modulable (de 8 \u00e0 80 heures)<\/li>\n<li>Indemnit\u00e9 de 2\u20ac brut par heure de formation suivie<\/li>\n<li>Intervention dans les frais de d\u00e9placement, frais de garderie et\/ou de cr\u00e8che<\/li>\n<li>Programme de formation personnalis\u00e9 et bas\u00e9 sur le <a href=\"https:\/\/comprendredigcomp.com\/cadredigcomp.html\" target=\"_blank\" rel=\"noopener\">DigComp<\/a> (Cadre Europ\u00e9en des Comp\u00e9tences Num\u00e9riques)<\/li>\n<li>Accompagnement personnalis\u00e9<\/li>\n<li>\u00c9valuations des acquis et suivi p\u00e9dagogique tout le long de la formation<\/li>\n<li>Attestation d&rsquo;acquis de comp\u00e9tences en fin de formation<\/li>\n<\/ul>\n<h3><span style=\"color: #d03740;\">Horaire :<\/span><\/h3>\n<ul>\n<li>3 \u00e0 5 jours par semaine (modulable selon les sessions)<\/li>\n<\/ul>\n<h3><span style=\"color: #d03740;\">Programme personnalisable selon vos objectifs :<\/span><\/h3>\n<ul>\n<li>D\u00e9couvrir et utiliser les fonctionnalit\u00e9s de base de l\u2019ordinateur et des outils num\u00e9riques<\/li>\n<li>Utiliser les outils de communication, de publication et de partage (e-mail, r\u00e9seaux sociaux, \u2026)<\/li>\n<li>Respecter la N\u00e9tiquette, prot\u00e9ger son identit\u00e9 num\u00e9rique<\/li>\n<li>Trouver sur Internet des informations pertinentes et fiables, les organiser et les conserver<\/li>\n<li>D\u00e9couvrir et utiliser les services d&rsquo;administrations et\/ou de banques en ligne en toute s\u00e9curit\u00e9<\/li>\n<li>Produire des documents adapt\u00e9s aux besoins en utilisant un traitement de texte et\/ou un tableur<\/li>\n<li>Apprendre \u00e0 r\u00e9soudre des probl\u00e8mes techniques simples, \u00e0 identifier ses lacunes et \u00e0 trouver de l&rsquo;aide<\/li>\n<li>S\u00e9curiser ses \u00e9quipements et prot\u00e9ger l&rsquo;environnement<\/li>\n<li>&#8230;<\/li>\n<\/ul>\n<p style=\"text-align: center;\"><strong>Venez vous initier aux comp\u00e9tences num\u00e9riques de base et gagner en autonomie dans une ambiance conviviale au sein d&rsquo;un petit groupe d&rsquo;apprentissage bienveillant<\/strong><\/p>\n<div class=\"tiled-gallery type-rectangular tiled-gallery-unresized\" data-original-width=\"825\" data-carousel-extra='{&quot;blog_id&quot;:1,&quot;permalink&quot;:&quot;https:\\\/\\\/lasource.be\\\/?page_id=2478&quot;,&quot;likes_blog_id&quot;:131727240}' itemscope itemtype=\"http:\/\/schema.org\/ImageGallery\" > <div class=\"gallery-row\" style=\"width: 825px; height: 373px;\" data-original-width=\"825\" data-original-height=\"373\" > <div class=\"gallery-group images-1\" style=\"width: 825px; height: 373px;\" data-original-width=\"825\" data-original-height=\"373\" > <div class=\"tiled-gallery-item tiled-gallery-item-large\" itemprop=\"associatedMedia\" itemscope itemtype=\"http:\/\/schema.org\/ImageObject\"> <a href=\"https:\/\/i0.wp.com\/lasource.be\/wp-content\/uploads\/2025\/05\/Digistart-2025-scaled.jpg?ssl=1\" border=\"0\" itemprop=\"url\"> <meta itemprop=\"width\" content=\"821\"> <meta itemprop=\"height\" content=\"369\"> <img data-attachment-id=\"2689\" data-orig-file=\"https:\/\/lasource.be\/wp-content\/uploads\/2025\/05\/Digistart-2025-scaled.jpg\" data-orig-size=\"2560,1152\" data-comments-opened=\"1\" data-image-meta=\"{&quot;aperture&quot;:&quot;1.79&quot;,&quot;credit&quot;:&quot;&quot;,&quot;camera&quot;:&quot;SM-A226B&quot;,&quot;caption&quot;:&quot;&quot;,&quot;created_timestamp&quot;:&quot;1742985957&quot;,&quot;copyright&quot;:&quot;&quot;,&quot;focal_length&quot;:&quot;4.71&quot;,&quot;iso&quot;:&quot;200&quot;,&quot;shutter_speed&quot;:&quot;0.033&quot;,&quot;title&quot;:&quot;&quot;,&quot;orientation&quot;:&quot;1&quot;}\" data-image-title=\"Digistart 2025\" data-image-description=\"\" data-medium-file=\"https:\/\/i0.wp.com\/lasource.be\/wp-content\/uploads\/2025\/05\/Digistart-2025-scaled.jpg?fit=300%2C135&#038;ssl=1\" data-large-file=\"https:\/\/i0.wp.com\/lasource.be\/wp-content\/uploads\/2025\/05\/Digistart-2025-scaled.jpg?fit=825%2C371&#038;ssl=1\" src=\"https:\/\/i0.wp.com\/lasource.be\/wp-content\/uploads\/2025\/05\/Digistart-2025-scaled.jpg?w=821&#038;h=369&#038;ssl=1\" width=\"821\" height=\"369\" data-original-width=\"821\" data-original-height=\"369\" itemprop=\"http:\/\/schema.org\/image\" title=\"Digistart 2025\" alt=\"Digistart 2025\" style=\"width: 821px; height: 369px;\" \/> <\/a> <\/div> <\/div> <!-- close group --> <\/div> <!-- close row --> <div class=\"gallery-row\" style=\"width: 825px; height: 188px;\" data-original-width=\"825\" data-original-height=\"188\" > <div class=\"gallery-group images-1\" style=\"width: 413px; height: 188px;\" data-original-width=\"413\" data-original-height=\"188\" > <div class=\"tiled-gallery-item tiled-gallery-item-large\" itemprop=\"associatedMedia\" itemscope itemtype=\"http:\/\/schema.org\/ImageObject\"> <a href=\"https:\/\/i0.wp.com\/lasource.be\/wp-content\/uploads\/2025\/05\/Digistart-2025-3.jpg?ssl=1\" border=\"0\" itemprop=\"url\"> <meta itemprop=\"width\" content=\"409\"> <meta itemprop=\"height\" content=\"184\"> <img data-attachment-id=\"2691\" data-orig-file=\"https:\/\/lasource.be\/wp-content\/uploads\/2025\/05\/Digistart-2025-3.jpg\" data-orig-size=\"2560,1152\" data-comments-opened=\"1\" data-image-meta=\"{&quot;aperture&quot;:&quot;2.2&quot;,&quot;credit&quot;:&quot;&quot;,&quot;camera&quot;:&quot;SM-A226B&quot;,&quot;caption&quot;:&quot;&quot;,&quot;created_timestamp&quot;:&quot;1744196143&quot;,&quot;copyright&quot;:&quot;&quot;,&quot;focal_length&quot;:&quot;1.4&quot;,&quot;iso&quot;:&quot;200&quot;,&quot;shutter_speed&quot;:&quot;0.03&quot;,&quot;title&quot;:&quot;&quot;,&quot;orientation&quot;:&quot;1&quot;}\" data-image-title=\"Digistart 2025-3\" data-image-description=\"\" data-medium-file=\"https:\/\/i0.wp.com\/lasource.be\/wp-content\/uploads\/2025\/05\/Digistart-2025-3.jpg?fit=300%2C135&#038;ssl=1\" data-large-file=\"https:\/\/i0.wp.com\/lasource.be\/wp-content\/uploads\/2025\/05\/Digistart-2025-3.jpg?fit=825%2C371&#038;ssl=1\" src=\"https:\/\/i0.wp.com\/lasource.be\/wp-content\/uploads\/2025\/05\/Digistart-2025-3.jpg?w=409&#038;h=184&#038;ssl=1\" width=\"409\" height=\"184\" data-original-width=\"409\" data-original-height=\"184\" itemprop=\"http:\/\/schema.org\/image\" title=\"Digistart 2025-3\" alt=\"Digistart 2025-3\" style=\"width: 409px; height: 184px;\" \/> <\/a> <\/div> <\/div> <!-- close group --> <div class=\"gallery-group images-1\" style=\"width: 412px; height: 188px;\" data-original-width=\"412\" data-original-height=\"188\" > <div class=\"tiled-gallery-item tiled-gallery-item-large\" itemprop=\"associatedMedia\" itemscope itemtype=\"http:\/\/schema.org\/ImageObject\"> <a href=\"https:\/\/i0.wp.com\/lasource.be\/wp-content\/uploads\/2025\/05\/Digistart-2025-2.jpg?ssl=1\" border=\"0\" itemprop=\"url\"> <meta itemprop=\"width\" content=\"408\"> <meta itemprop=\"height\" content=\"184\"> <img data-attachment-id=\"2690\" data-orig-file=\"https:\/\/lasource.be\/wp-content\/uploads\/2025\/05\/Digistart-2025-2.jpg\" data-orig-size=\"2560,1152\" data-comments-opened=\"1\" data-image-meta=\"{&quot;aperture&quot;:&quot;2.2&quot;,&quot;credit&quot;:&quot;&quot;,&quot;camera&quot;:&quot;SM-A226B&quot;,&quot;caption&quot;:&quot;&quot;,&quot;created_timestamp&quot;:&quot;1742985989&quot;,&quot;copyright&quot;:&quot;&quot;,&quot;focal_length&quot;:&quot;1.4&quot;,&quot;iso&quot;:&quot;160&quot;,&quot;shutter_speed&quot;:&quot;0.03&quot;,&quot;title&quot;:&quot;&quot;,&quot;orientation&quot;:&quot;1&quot;}\" data-image-title=\"Digistart 2025-2\" data-image-description=\"\" data-medium-file=\"https:\/\/i0.wp.com\/lasource.be\/wp-content\/uploads\/2025\/05\/Digistart-2025-2.jpg?fit=300%2C135&#038;ssl=1\" data-large-file=\"https:\/\/i0.wp.com\/lasource.be\/wp-content\/uploads\/2025\/05\/Digistart-2025-2.jpg?fit=825%2C371&#038;ssl=1\" src=\"https:\/\/i0.wp.com\/lasource.be\/wp-content\/uploads\/2025\/05\/Digistart-2025-2.jpg?w=408&#038;h=184&#038;ssl=1\" width=\"408\" height=\"184\" data-original-width=\"408\" data-original-height=\"184\" itemprop=\"http:\/\/schema.org\/image\" title=\"Digistart 2025-2\" alt=\"Digistart 2025-2\" style=\"width: 408px; height: 184px;\" \/> <\/a> <\/div> <\/div> <!-- close group --> <\/div> <!-- close row --> <\/div>\n<p>&nbsp;<\/p>\n<h3 style=\"text-align: left;\"><span style=\"color: #d03740;\">Contact :<\/span><\/h3>\n<p>Sophie HENON : 061\/46 86 88<\/p>\n<p>Menuchenet, 8<br \/>\n6834 BELLEVAUX<br \/>\nEmail : lasource@lasource.be<\/p>\n<p>&nbsp;<\/p>\n<p>Pour en savoir un peu plus, visitez la plateforme <span style=\"color: #d03740;\"><a style=\"color: #d03740;\" href=\"https:\/\/digistart-wallonie.be\/\" target=\"_blank\" rel=\"noopener\"><strong>DIGISTART<\/strong><\/a>\u00a0<\/span><\/p>\n<p><img data-attachment-id=\"2501\" data-permalink=\"https:\/\/lasource.be\/?attachment_id=2501\" data-orig-file=\"https:\/\/i0.wp.com\/lasource.be\/wp-content\/uploads\/2024\/02\/LOGOS-OBLIGATOIRES-DIGISTART.png?fit=990%2C106&amp;ssl=1\" data-orig-size=\"990,106\" data-comments-opened=\"1\" data-image-meta=\"{&quot;aperture&quot;:&quot;0&quot;,&quot;credit&quot;:&quot;&quot;,&quot;camera&quot;:&quot;&quot;,&quot;caption&quot;:&quot;&quot;,&quot;created_timestamp&quot;:&quot;0&quot;,&quot;copyright&quot;:&quot;&quot;,&quot;focal_length&quot;:&quot;0&quot;,&quot;iso&quot;:&quot;0&quot;,&quot;shutter_speed&quot;:&quot;0&quot;,&quot;title&quot;:&quot;&quot;,&quot;orientation&quot;:&quot;0&quot;}\" data-image-title=\"LOGOS OBLIGATOIRES DIGISTART\" data-image-description=\"\" data-image-caption=\"\" data-medium-file=\"https:\/\/i0.wp.com\/lasource.be\/wp-content\/uploads\/2024\/02\/LOGOS-OBLIGATOIRES-DIGISTART.png?fit=300%2C32&amp;ssl=1\" data-large-file=\"https:\/\/i0.wp.com\/lasource.be\/wp-content\/uploads\/2024\/02\/LOGOS-OBLIGATOIRES-DIGISTART.png?fit=825%2C88&amp;ssl=1\" decoding=\"async\" loading=\"lazy\" class=\"alignleft wp-image-2501\" src=\"https:\/\/i0.wp.com\/lasource.be\/wp-content\/uploads\/2024\/02\/LOGOS-OBLIGATOIRES-DIGISTART.png?resize=600%2C64&#038;ssl=1\" alt=\"\" width=\"600\" height=\"64\" srcset=\"https:\/\/i0.wp.com\/lasource.be\/wp-content\/uploads\/2024\/02\/LOGOS-OBLIGATOIRES-DIGISTART.png?resize=300%2C32&amp;ssl=1 300w, https:\/\/i0.wp.com\/lasource.be\/wp-content\/uploads\/2024\/02\/LOGOS-OBLIGATOIRES-DIGISTART.png?resize=768%2C82&amp;ssl=1 768w, https:\/\/i0.wp.com\/lasource.be\/wp-content\/uploads\/2024\/02\/LOGOS-OBLIGATOIRES-DIGISTART.png?w=990&amp;ssl=1 990w\" sizes=\"(max-width: 600px) 100vw, 600px\" data-recalc-dims=\"1\" \/><\/p>\n","protected":false},"excerpt":{"rendered":"<p>&#8211; Formation aux comp\u00e9tences num\u00e9riques de base favorisant l&rsquo;insertion socioprofessionnelle &#8211; Pour y participer : La formation est ouverte aux personnes de tous \u00e2ges, \u00e0 partir de 18 ans :&hellip; <a href=\"https:\/\/lasource.be\/?page_id=2478\" class=\"more-link\">Lire la suite <span class=\"screen-reader-text\">Formation DIGISTART<\/span><\/a><\/p>\n","protected":false},"author":1,"featured_media":0,"parent":42,"menu_order":1,"comment_status":"closed","ping_status":"closed","template":"","meta":{"jetpack_post_was_ever_published":false},"tags":[],"jetpack_sharing_enabled":true,"jetpack_shortlink":"https:\/\/wp.me\/P8UIgU-DY","jetpack-related-posts":[{"id":42,"url":"https:\/\/lasource.be\/?page_id=42","url_meta":{"origin":2478,"position":0},"title":"Formation de base en BUREAUTIQUE","date":"6 juillet 2017","format":false,"excerpt":"Form\u00e9 \u00e0 la pointe du progr\u00e8s, mettez toutes les chances de votre c\u00f4t\u00e9 ! Afin de vous initier ou de vous perfectionner, nous vous proposons diverses formations adapt\u00e9es \u00e0 tous les niveaux \u00a0 Nous proposons des formations informatiques adapt\u00e9es \u00e0 tous les niveaux, destin\u00e9es aux chercheurs d'emploi : La formation\u2026","rel":"","context":"Article similaire","img":{"alt_text":"","src":"https:\/\/i0.wp.com\/lasource.be\/wp-content\/uploads\/2018\/08\/SAM_9977-300x225.jpg?resize=350%2C200","width":350,"height":200},"classes":[]},{"id":147,"url":"https:\/\/lasource.be\/?page_id=147","url_meta":{"origin":2478,"position":1},"title":"Qui sommes-nous ?","date":"11 juillet 2017","format":false,"excerpt":"La Source, une belle aventure humaine... C\u2019est en 1983 que commence cette belle aventure humaine. A l\u2019initiative du centre de Guidance et du CPAS de Bouillon, divers services \u00e0 la population sont mis en place : Une Maison des Enfants Un Service D\u00e9pannage Un Atelier de Couture Un Salon-Lavoir Un\u2026","rel":"","context":"Article similaire","img":{"alt_text":"","src":"","width":0,"height":0},"classes":[]},{"id":39,"url":"https:\/\/lasource.be\/?page_id=39","url_meta":{"origin":2478,"position":2},"title":"Nos Formations","date":"6 juillet 2017","format":false,"excerpt":"En tant que Centre d'Insertion SocioProfessionnelle (CISP), La Source assure la formation de stagiaires \u00e9loign\u00e9s de l'emploi. Nous d\u00e9veloppons une p\u00e9dagogie sp\u00e9cifique afin de permettre aux stagiaires (c'est comme cela que sont appel\u00e9s les participants \u00e0 nos formations) d'acqu\u00e9rir des comp\u00e9tences g\u00e9n\u00e9rales et techniques, tout en b\u00e9n\u00e9ficiant d'un accompagnement psychosocial.\u2026","rel":"","context":"Article similaire","img":{"alt_text":"","src":"","width":0,"height":0},"classes":[]},{"id":45,"url":"https:\/\/lasource.be\/?page_id=45","url_meta":{"origin":2478,"position":3},"title":"Centre de Formation CISP","date":"6 juillet 2017","format":false,"excerpt":"Les Centres d\u2019insertion socioprofessionnelle (CISP) assurent la formation de stagiaires \u00e9loign\u00e9s de l\u2019emploi. Ils recourent \u00e0 une p\u00e9dagogie sp\u00e9cifique pour permettre aux stagiaires d\u2019acqu\u00e9rir des comp\u00e9tences g\u00e9n\u00e9rales et techniques, tout en b\u00e9n\u00e9ficiant d\u2019un accompagnement psychosocial. Les CISP remplacent les Organismes d\u2019insertion socioprofessionnelle (OISP) et les Entreprises de Formation par le\u2026","rel":"","context":"Article similaire","img":{"alt_text":"","src":"","width":0,"height":0},"classes":[]},{"id":47,"url":"https:\/\/lasource.be\/?page_id=47","url_meta":{"origin":2478,"position":4},"title":"Espace Public Num\u00e9rique","date":"6 juillet 2017","format":false,"excerpt":"Labellis\u00e9 \"EPN de Wallonie\" depuis 2010, La Source vous propose son service unique dans la r\u00e9gion de Bouillon baptis\u00e9 l' EPN de la Semois Vous n'avez pas d'ordinateur ? Cet espace est pour vous ! De nos jours, l'informatique est devenu indispensable et fait partie de notre quotidien. C'est pourquoi\u2026","rel":"","context":"Article similaire","img":{"alt_text":"","src":"","width":0,"height":0},"classes":[]},{"id":231,"url":"https:\/\/lasource.be\/?page_id=231","url_meta":{"origin":2478,"position":5},"title":"Formation Bureau&rsquo;Tic","date":"18 juillet 2017","format":false,"excerpt":"- Formation pr\u00e9-qualifiante destin\u00e9e \u00e0 toute personne qui souhaite s'initier ou se perfectionner dans les logiciels de la suite bureautique\u00a0 Microsoft Office - Pour y participer : La formation est ouverte aux personnes de tous \u00e2ges, \u00e0 partir de 18 ans : au ch\u00f4mage au Revenu d'Int\u00e9gration Sociale inscrites en\u2026","rel":"","context":"Article similaire","img":{"alt_text":"","src":"https:\/\/i0.wp.com\/lasource.be\/wp-content\/uploads\/2022\/10\/Visuel-Seances-info-BUREAU-TIC-300x300.png?resize=350%2C200&ssl=1","width":350,"height":200},"classes":[]}],"_links":{"self":[{"href":"https:\/\/lasource.be\/index.php?rest_route=\/wp\/v2\/pages\/2478"}],"collection":[{"href":"https:\/\/lasource.be\/index.php?rest_route=\/wp\/v2\/pages"}],"about":[{"href":"https:\/\/lasource.be\/index.php?rest_route=\/wp\/v2\/types\/page"}],"author":[{"embeddable":true,"href":"https:\/\/lasource.be\/index.php?rest_route=\/wp\/v2\/users\/1"}],"replies":[{"embeddable":true,"href":"https:\/\/lasource.be\/index.php?rest_route=%2Fwp%2Fv2%2Fcomments&post=2478"}],"version-history":[{"count":37,"href":"https:\/\/lasource.be\/index.php?rest_route=\/wp\/v2\/pages\/2478\/revisions"}],"predecessor-version":[{"id":2883,"href":"https:\/\/lasource.be\/index.php?rest_route=\/wp\/v2\/pages\/2478\/revisions\/2883"}],"up":[{"embeddable":true,"href":"https:\/\/lasource.be\/index.php?rest_route=\/wp\/v2\/pages\/42"}],"wp:attachment":[{"href":"https:\/\/lasource.be\/index.php?rest_route=%2Fwp%2Fv2%2Fmedia&parent=2478"}],"wp:term":[{"taxonomy":"post_tag","embeddable":true,"href":"https:\/\/lasource.be\/index.php?rest_route=%2Fwp%2Fv2%2Ftags&post=2478"}],"curies":[{"name":"wp","href":"https:\/\/api.w.org\/{rel}","templated":true}]}}