{"id":39,"date":"2017-07-06T16:00:32","date_gmt":"2017-07-06T14:00:32","guid":{"rendered":"http:\/\/lasource.be\/?page_id=39"},"modified":"2023-11-23T15:02:20","modified_gmt":"2023-11-23T14:02:20","slug":"nos-formations","status":"publish","type":"page","link":"https:\/\/lasource.be\/?page_id=39","title":{"rendered":"Nos Formations"},"content":{"rendered":"<p><img data-attachment-id=\"402\" data-permalink=\"https:\/\/lasource.be\/?attachment_id=402\" data-orig-file=\"https:\/\/i0.wp.com\/lasource.be\/wp-content\/uploads\/2017\/07\/logo-cisp-avec-acronyme.png?fit=530%2C600&amp;ssl=1\" data-orig-size=\"530,600\" data-comments-opened=\"1\" data-image-meta=\"{&quot;aperture&quot;:&quot;0&quot;,&quot;credit&quot;:&quot;&quot;,&quot;camera&quot;:&quot;&quot;,&quot;caption&quot;:&quot;&quot;,&quot;created_timestamp&quot;:&quot;0&quot;,&quot;copyright&quot;:&quot;&quot;,&quot;focal_length&quot;:&quot;0&quot;,&quot;iso&quot;:&quot;0&quot;,&quot;shutter_speed&quot;:&quot;0&quot;,&quot;title&quot;:&quot;&quot;,&quot;orientation&quot;:&quot;0&quot;}\" data-image-title=\"logo CISP\" data-image-description=\"\" data-image-caption=\"\" data-medium-file=\"https:\/\/i0.wp.com\/lasource.be\/wp-content\/uploads\/2017\/07\/logo-cisp-avec-acronyme.png?fit=265%2C300&amp;ssl=1\" data-large-file=\"https:\/\/i0.wp.com\/lasource.be\/wp-content\/uploads\/2017\/07\/logo-cisp-avec-acronyme.png?fit=530%2C600&amp;ssl=1\" decoding=\"async\" loading=\"lazy\" class=\"aligncenter wp-image-402\" src=\"https:\/\/i0.wp.com\/lasource.be\/wp-content\/uploads\/2017\/07\/logo-cisp-avec-acronyme.png?resize=120%2C136&#038;ssl=1\" alt=\"\" width=\"120\" height=\"136\" srcset=\"https:\/\/i0.wp.com\/lasource.be\/wp-content\/uploads\/2017\/07\/logo-cisp-avec-acronyme.png?resize=265%2C300&amp;ssl=1 265w, https:\/\/i0.wp.com\/lasource.be\/wp-content\/uploads\/2017\/07\/logo-cisp-avec-acronyme.png?w=530&amp;ssl=1 530w\" sizes=\"(max-width: 120px) 100vw, 120px\" data-recalc-dims=\"1\" \/><\/p>\n<p>En tant que <strong>Centre d&rsquo;Insertion SocioProfessionnelle<\/strong> (CISP), La Source assure la formation de stagiaires \u00e9loign\u00e9s de l&#8217;emploi.<\/p>\n<p>Nous d\u00e9veloppons une p\u00e9dagogie sp\u00e9cifique afin de permettre aux <strong>stagiaires<\/strong> (c&rsquo;est comme cela que sont appel\u00e9s les participants \u00e0 nos formations) d&rsquo;acqu\u00e9rir des comp\u00e9tences g\u00e9n\u00e9rales et techniques, tout en b\u00e9n\u00e9ficiant d&rsquo;un accompagnement psychosocial.<\/p>\n<p>Notre centre de formation propose<strong> deux fili\u00e8res de formation <\/strong>visant des<strong> objectifs cibl\u00e9s :<\/strong><\/p>\n<ul>\n<li><strong>Fili\u00e8re \u00ab\u00a0Orientation professionnelle\u00a0\u00bb : <\/strong>permet aux stagiaires d&rsquo;envisager diff\u00e9rentes alternatives favorisant leur insertion socioprofessionnelle.\u00a0 Ces actions p\u00e9dagogiques permettent de concevoir ou confirmer un projet professionnel et personnel.\n<ul>\n<li style=\"list-style-type: none;\">\n<ul>\n<li><strong><a href=\"https:\/\/lasource.be\/?page_id=44\" target=\"_blank\" rel=\"noopener\">Je Cr\u00e9e Mon Avenir<\/a><\/strong> : formation destin\u00e9e \u00e0 toute personne ayant besoin d&rsquo;un accompagnement afin de <strong>d\u00e9terminer<\/strong> son projet ou sa r\u00e9orientation professionnelle<\/li>\n<li><strong><a href=\"https:\/\/lasource.be\/?page_id=1835\" target=\"_blank\" rel=\"noopener\">Je Booste Mon Avenir<\/a> <\/strong>: formation destin\u00e9e \u00e0 toute personne ayant besoin d&rsquo;un petit coup de boost afin de <strong>concr\u00e9tiser<\/strong> son projet professionnel<\/li>\n<\/ul>\n<\/li>\n<\/ul>\n<\/li>\n<li><strong>Fili\u00e8re \u00ab\u00a0Formation de base\u00a0\u00bb : <\/strong>la formation de base vise l&rsquo;acquisition de connaissances \u00e9l\u00e9mentaires, de comp\u00e9tences g\u00e9n\u00e9rales et techniques, de comportements utiles \u00e0 l&rsquo;insertion socioprofessionnelle.\u00a0 Ces acquis ne sont pas n\u00e9cessairement li\u00e9s \u00e0 un m\u00e9tier bien d\u00e9termin\u00e9.\u00a0 Cette formation peut \u00eatre un tremplin vers une formation plus qualifiante et cibl\u00e9e.\n<ul>\n<li style=\"list-style-type: none;\">\n<ul>\n<li><a href=\"https:\/\/lasource.be\/?page_id=231\" target=\"_blank\" rel=\"noopener\"><strong>Bureau&rsquo;TIC<\/strong><\/a> : formation bas\u00e9e sur l&rsquo;apprentissage de la suite bureautique Microsoft Office, la dactylographie, la communication (cr\u00e9ation d&rsquo;affiches, gestion d&rsquo;une bo\u00eete e-mails, &#8230;)<\/li>\n<\/ul>\n<\/li>\n<\/ul>\n<\/li>\n<\/ul>\n<p>Afin de d\u00e9velopper des aptitudes professionnelles et d\u00e9couvrir la r\u00e9alit\u00e9 du terrain de certaines professions, nos formations sont accompagn\u00e9es de p\u00e9riodes de stages en entreprise.<br \/>\nIl existe deux types de stages :<\/p>\n<ul>\n<li><strong>Le stage d&rsquo;acculturation<\/strong> : vise la d\u00e9couverte d&rsquo;un m\u00e9tier, d&rsquo;un poste de travail, d&rsquo;une culture d&rsquo;entreprise, dans le but de pr\u00e9ciser le projet de formation professionnelle<\/li>\n<li><strong>Le stage de formation professionnelle<\/strong> : vise l&rsquo;exercice de comp\u00e9tences acquises au sein de la fili\u00e8re de formation.<\/li>\n<\/ul>\n<p>&nbsp;<\/p>\n<p><em>Parce qu&rsquo;une petite vid\u00e9o est parfois plus parlante qu&rsquo;un long discours<\/em> \ud83d\ude0a<\/p>\n<div style=\"width: 825px;\" class=\"wp-video\"><!--[if lt IE 9]><script>document.createElement('video');<\/script><![endif]-->\n<video class=\"wp-video-shortcode\" id=\"video-39-1\" width=\"825\" height=\"464\" preload=\"metadata\" controls=\"controls\"><source type=\"video\/mp4\" src=\"https:\/\/lasource.be\/wp-content\/uploads\/2023\/11\/Qui-peut-se-former-en-CISP.mp4?_=1\" \/><a href=\"https:\/\/lasource.be\/wp-content\/uploads\/2023\/11\/Qui-peut-se-former-en-CISP.mp4\">https:\/\/lasource.be\/wp-content\/uploads\/2023\/11\/Qui-peut-se-former-en-CISP.mp4<\/a><\/video><\/div>\n","protected":false},"excerpt":{"rendered":"<p>En tant que Centre d&rsquo;Insertion SocioProfessionnelle (CISP), La Source assure la formation de stagiaires \u00e9loign\u00e9s de l&#8217;emploi. Nous d\u00e9veloppons une p\u00e9dagogie sp\u00e9cifique afin de permettre aux stagiaires (c&rsquo;est comme cela&hellip; <a href=\"https:\/\/lasource.be\/?page_id=39\" class=\"more-link\">Lire la suite <span class=\"screen-reader-text\">Nos Formations<\/span><\/a><\/p>\n","protected":false},"author":1,"featured_media":0,"parent":0,"menu_order":1,"comment_status":"closed","ping_status":"closed","template":"","meta":{"jetpack_post_was_ever_published":false},"tags":[],"jetpack_sharing_enabled":true,"jetpack_shortlink":"https:\/\/wp.me\/P8UIgU-D","jetpack-related-posts":[{"id":45,"url":"https:\/\/lasource.be\/?page_id=45","url_meta":{"origin":39,"position":0},"title":"Centre de Formation CISP","date":"6 juillet 2017","format":false,"excerpt":"Les Centres d\u2019insertion socioprofessionnelle (CISP) assurent la formation de stagiaires \u00e9loign\u00e9s de l\u2019emploi. Ils recourent \u00e0 une p\u00e9dagogie sp\u00e9cifique pour permettre aux stagiaires d\u2019acqu\u00e9rir des comp\u00e9tences g\u00e9n\u00e9rales et techniques, tout en b\u00e9n\u00e9ficiant d\u2019un accompagnement psychosocial. Les CISP remplacent les Organismes d\u2019insertion socioprofessionnelle (OISP) et les Entreprises de Formation par le\u2026","rel":"","context":"Article similaire","img":{"alt_text":"","src":"","width":0,"height":0},"classes":[]},{"id":42,"url":"https:\/\/lasource.be\/?page_id=42","url_meta":{"origin":39,"position":1},"title":"Formation de base en BUREAUTIQUE","date":"6 juillet 2017","format":false,"excerpt":"Form\u00e9 \u00e0 la pointe du progr\u00e8s, mettez toutes les chances de votre c\u00f4t\u00e9 ! Afin de vous initier ou de vous perfectionner, nous vous proposons diverses formations adapt\u00e9es \u00e0 tous les niveaux \u00a0 Nous proposons des formations informatiques adapt\u00e9es \u00e0 tous les niveaux, destin\u00e9es aux chercheurs d'emploi : La formation\u2026","rel":"","context":"Article similaire","img":{"alt_text":"","src":"https:\/\/i0.wp.com\/lasource.be\/wp-content\/uploads\/2018\/08\/SAM_9977-300x225.jpg?resize=350%2C200","width":350,"height":200},"classes":[]},{"id":2478,"url":"https:\/\/lasource.be\/?page_id=2478","url_meta":{"origin":39,"position":2},"title":"Formation DIGISTART","date":"13 f\u00e9vrier 2024","format":false,"excerpt":"- Formation aux comp\u00e9tences num\u00e9riques de base favorisant l'insertion socioprofessionnelle - Pour y participer : La formation est ouverte aux personnes de tous \u00e2ges, \u00e0 partir de 18 ans : au ch\u00f4mage au Revenu d'Int\u00e9gration Sociale inscrites en tant que chercheurs d'emploi Objectifs : Acqu\u00e9rir les comp\u00e9tences num\u00e9riques de base\u2026","rel":"","context":"Article similaire","img":{"alt_text":"","src":"https:\/\/i0.wp.com\/lasource.be\/wp-content\/uploads\/2025\/05\/Digistart-2025-scaled.jpg?resize=350%2C200","width":350,"height":200},"classes":[]},{"id":231,"url":"https:\/\/lasource.be\/?page_id=231","url_meta":{"origin":39,"position":3},"title":"Formation Bureau&rsquo;Tic","date":"18 juillet 2017","format":false,"excerpt":"- Formation pr\u00e9-qualifiante destin\u00e9e \u00e0 toute personne qui souhaite s'initier ou se perfectionner dans les logiciels de la suite bureautique\u00a0 Microsoft Office - Pour y participer : La formation est ouverte aux personnes de tous \u00e2ges, \u00e0 partir de 18 ans : au ch\u00f4mage au Revenu d'Int\u00e9gration Sociale inscrites en\u2026","rel":"","context":"Article similaire","img":{"alt_text":"","src":"https:\/\/i0.wp.com\/lasource.be\/wp-content\/uploads\/2022\/10\/Visuel-Seances-info-BUREAU-TIC-300x300.png?resize=350%2C200&ssl=1","width":350,"height":200},"classes":[]},{"id":46,"url":"https:\/\/lasource.be\/?page_id=46","url_meta":{"origin":39,"position":4},"title":"Service d&rsquo;Insertion Sociale","date":"6 juillet 2017","format":false,"excerpt":"Vous vous posez des questions sur votre avenir ? Vous souhaitez briser votre isolement et reprendre go\u00fbt \u00e0 la vie sociale ? Vous cherchez un lieu d'accueil chaleureux o\u00f9 l'on vous \u00e9coute, o\u00f9 l'on partage, o\u00f9 vous avez la parole ? Venez nous rejoindre ! Le public cible : Le\u2026","rel":"","context":"Article similaire","img":{"alt_text":"","src":"https:\/\/i0.wp.com\/lasource.be\/wp-content\/uploads\/2024\/09\/pub-bulletin-communal-2024-FINISH-300x211.png?resize=350%2C200&ssl=1","width":350,"height":200},"classes":[]},{"id":147,"url":"https:\/\/lasource.be\/?page_id=147","url_meta":{"origin":39,"position":5},"title":"Qui sommes-nous ?","date":"11 juillet 2017","format":false,"excerpt":"La Source, une belle aventure humaine... C\u2019est en 1983 que commence cette belle aventure humaine. A l\u2019initiative du centre de Guidance et du CPAS de Bouillon, divers services \u00e0 la population sont mis en place : Une Maison des Enfants Un Service D\u00e9pannage Un Atelier de Couture Un Salon-Lavoir Un\u2026","rel":"","context":"Article similaire","img":{"alt_text":"","src":"","width":0,"height":0},"classes":[]}],"_links":{"self":[{"href":"https:\/\/lasource.be\/index.php?rest_route=\/wp\/v2\/pages\/39"}],"collection":[{"href":"https:\/\/lasource.be\/index.php?rest_route=\/wp\/v2\/pages"}],"about":[{"href":"https:\/\/lasource.be\/index.php?rest_route=\/wp\/v2\/types\/page"}],"author":[{"embeddable":true,"href":"https:\/\/lasource.be\/index.php?rest_route=\/wp\/v2\/users\/1"}],"replies":[{"embeddable":true,"href":"https:\/\/lasource.be\/index.php?rest_route=%2Fwp%2Fv2%2Fcomments&post=39"}],"version-history":[{"count":4,"href":"https:\/\/lasource.be\/index.php?rest_route=\/wp\/v2\/pages\/39\/revisions"}],"predecessor-version":[{"id":2361,"href":"https:\/\/lasource.be\/index.php?rest_route=\/wp\/v2\/pages\/39\/revisions\/2361"}],"wp:attachment":[{"href":"https:\/\/lasource.be\/index.php?rest_route=%2Fwp%2Fv2%2Fmedia&parent=39"}],"wp:term":[{"taxonomy":"post_tag","embeddable":true,"href":"https:\/\/lasource.be\/index.php?rest_route=%2Fwp%2Fv2%2Ftags&post=39"}],"curies":[{"name":"wp","href":"https:\/\/api.w.org\/{rel}","templated":true}]}}