{"id":48,"date":"2017-07-06T16:00:32","date_gmt":"2017-07-06T14:00:32","guid":{"rendered":"http:\/\/lasource.be\/?page_id=48"},"modified":"2026-02-09T16:44:46","modified_gmt":"2026-02-09T15:44:46","slug":"titres-services","status":"publish","type":"page","link":"https:\/\/lasource.be\/?page_id=48","title":{"rendered":"Titres-Services"},"content":{"rendered":"<p><img data-attachment-id=\"259\" data-permalink=\"https:\/\/lasource.be\/?attachment_id=259\" data-orig-file=\"https:\/\/i0.wp.com\/lasource.be\/wp-content\/uploads\/2017\/07\/Logo-TS-Titres-services-vague-rose-01-1.png?fit=851%2C567&amp;ssl=1\" data-orig-size=\"851,567\" data-comments-opened=\"1\" data-image-meta=\"{&quot;aperture&quot;:&quot;0&quot;,&quot;credit&quot;:&quot;&quot;,&quot;camera&quot;:&quot;&quot;,&quot;caption&quot;:&quot;&quot;,&quot;created_timestamp&quot;:&quot;0&quot;,&quot;copyright&quot;:&quot;&quot;,&quot;focal_length&quot;:&quot;0&quot;,&quot;iso&quot;:&quot;0&quot;,&quot;shutter_speed&quot;:&quot;0&quot;,&quot;title&quot;:&quot;&quot;,&quot;orientation&quot;:&quot;0&quot;}\" data-image-title=\"Logo TS &#8211; Titres services &#8211; vague rose-01\" data-image-description=\"\" data-image-caption=\"\" data-medium-file=\"https:\/\/i0.wp.com\/lasource.be\/wp-content\/uploads\/2017\/07\/Logo-TS-Titres-services-vague-rose-01-1.png?fit=300%2C200&amp;ssl=1\" data-large-file=\"https:\/\/i0.wp.com\/lasource.be\/wp-content\/uploads\/2017\/07\/Logo-TS-Titres-services-vague-rose-01-1.png?fit=825%2C550&amp;ssl=1\" decoding=\"async\" loading=\"lazy\" class=\"aligncenter wp-image-259\" src=\"https:\/\/i0.wp.com\/lasource.be\/wp-content\/uploads\/2017\/07\/Logo-TS-Titres-services-vague-rose-01-1-300x200.png?resize=200%2C133\" alt=\"\" width=\"200\" height=\"133\" srcset=\"https:\/\/i0.wp.com\/lasource.be\/wp-content\/uploads\/2017\/07\/Logo-TS-Titres-services-vague-rose-01-1.png?resize=300%2C200&amp;ssl=1 300w, https:\/\/i0.wp.com\/lasource.be\/wp-content\/uploads\/2017\/07\/Logo-TS-Titres-services-vague-rose-01-1.png?resize=768%2C512&amp;ssl=1 768w, https:\/\/i0.wp.com\/lasource.be\/wp-content\/uploads\/2017\/07\/Logo-TS-Titres-services-vague-rose-01-1.png?resize=360%2C242&amp;ssl=1 360w, https:\/\/i0.wp.com\/lasource.be\/wp-content\/uploads\/2017\/07\/Logo-TS-Titres-services-vague-rose-01-1.png?w=851&amp;ssl=1 851w\" sizes=\"(max-width: 200px) 100vw, 200px\" data-recalc-dims=\"1\" \/><\/p>\n<p style=\"text-align: center;\"><em>Confiance &#8211; Comp\u00e9tence &#8211; Proximit\u00e9<\/em><br \/>\n<em>Besoin d&rsquo;un petit ou d&rsquo;un gros coup de mains ?<\/em><\/p>\n<p>&nbsp;<\/p>\n<p>Nous proposons au domicile du client :<\/p>\n<ul>\n<li>Le nettoyage de l&rsquo;habitation et des vitres<\/li>\n<li>Le repassage \u00e0 domicile<\/li>\n<li>Les courses m\u00e9nag\u00e8res<\/li>\n<li>La pr\u00e9paration des repas<\/li>\n<\/ul>\n<p>&nbsp;<\/p>\n<p>Nous proposons \u00e9galement au sein de notre atelier <a href=\"http:\/\/lasource.be\/?page_id=85\">\u00ab\u00a0Au Fil de l&rsquo;Eau\u00a0\u00bb<\/a> situ\u00e9 \u00e0 Noirefontaine :<\/p>\n<ul>\n<li>Le repassage (\u00e9quipement professionnel)<\/li>\n<\/ul>\n<p><span style=\"color: #36b7c1;\"><strong>Vos avantages :<\/strong><\/span><\/p>\n<ul>\n<li>Un service de proximit\u00e9<\/li>\n<li>Un service professionnel pour 10,20 \u20ac\/heure tout compris (assurances, frais de dossier, d\u00e9placements, &#8230;)<\/li>\n<li>Un suivi assur\u00e9 par notre responsable avec une visite \u00e0 domicile au pr\u00e9alable<\/li>\n<li>Nos aides m\u00e9nag\u00e8res sont form\u00e9es r\u00e9guli\u00e8rement<\/li>\n<li>Assurance souscrite en cas de dommage chez le client<\/li>\n<li>D\u00e9duction fiscale de 10%<\/li>\n<\/ul>\n<p><strong><span style=\"color: #36b7c1;\">Communes desservies :<\/span><\/strong><\/p>\n<ul>\n<li>Bouillon<\/li>\n<li>Bertrix<\/li>\n<li>Vresse-sur-Semois<\/li>\n<li>Gedinne<\/li>\n<li>Bi\u00e8vre<\/li>\n<li>Paliseul<\/li>\n<li>Libramont<\/li>\n<li>Florenville<\/li>\n<\/ul>\n<p>N&rsquo;h\u00e9sitez pas \u00e0 nous contacter !<\/p>\n<h3><span style=\"color: #36b7c1;\">Contact :<\/span><\/h3>\n<p><strong>Yannick De Boeck<\/strong> : 061\/46 86 88<\/p>\n<p>Menuchenet, 8<br \/>\n6834 BELLEVAUX<br \/>\nEmail : tslasource@gmail.com<\/p>\n<p><a href=\"http:\/\/www.wallonie-titres-services.be\/\" target=\"_blank\" rel=\"noopener\"><img data-attachment-id=\"360\" data-permalink=\"https:\/\/lasource.be\/?attachment_id=360\" data-orig-file=\"https:\/\/i0.wp.com\/lasource.be\/wp-content\/uploads\/2017\/07\/Sodexo_2008_logo.svg_.png?fit=1200%2C393&amp;ssl=1\" data-orig-size=\"1200,393\" data-comments-opened=\"1\" data-image-meta=\"{&quot;aperture&quot;:&quot;0&quot;,&quot;credit&quot;:&quot;&quot;,&quot;camera&quot;:&quot;&quot;,&quot;caption&quot;:&quot;&quot;,&quot;created_timestamp&quot;:&quot;0&quot;,&quot;copyright&quot;:&quot;&quot;,&quot;focal_length&quot;:&quot;0&quot;,&quot;iso&quot;:&quot;0&quot;,&quot;shutter_speed&quot;:&quot;0&quot;,&quot;title&quot;:&quot;&quot;,&quot;orientation&quot;:&quot;0&quot;}\" data-image-title=\"Sodexo_2008_(logo).svg\" data-image-description=\"\" data-image-caption=\"\" data-medium-file=\"https:\/\/i0.wp.com\/lasource.be\/wp-content\/uploads\/2017\/07\/Sodexo_2008_logo.svg_.png?fit=300%2C98&amp;ssl=1\" data-large-file=\"https:\/\/i0.wp.com\/lasource.be\/wp-content\/uploads\/2017\/07\/Sodexo_2008_logo.svg_.png?fit=825%2C270&amp;ssl=1\" decoding=\"async\" loading=\"lazy\" class=\"alignnone wp-image-360\" src=\"https:\/\/i0.wp.com\/lasource.be\/wp-content\/uploads\/2017\/07\/Sodexo_2008_logo.svg_-300x98.png?resize=120%2C39\" alt=\"\" width=\"120\" height=\"39\" srcset=\"https:\/\/i0.wp.com\/lasource.be\/wp-content\/uploads\/2017\/07\/Sodexo_2008_logo.svg_.png?resize=300%2C98&amp;ssl=1 300w, https:\/\/i0.wp.com\/lasource.be\/wp-content\/uploads\/2017\/07\/Sodexo_2008_logo.svg_.png?resize=768%2C252&amp;ssl=1 768w, https:\/\/i0.wp.com\/lasource.be\/wp-content\/uploads\/2017\/07\/Sodexo_2008_logo.svg_.png?resize=1024%2C335&amp;ssl=1 1024w, https:\/\/i0.wp.com\/lasource.be\/wp-content\/uploads\/2017\/07\/Sodexo_2008_logo.svg_.png?resize=1180%2C393&amp;ssl=1 1180w, https:\/\/i0.wp.com\/lasource.be\/wp-content\/uploads\/2017\/07\/Sodexo_2008_logo.svg_.png?w=1200&amp;ssl=1 1200w\" sizes=\"(max-width: 120px) 100vw, 120px\" data-recalc-dims=\"1\" \/><\/a><\/p>\n","protected":false},"excerpt":{"rendered":"<p>Confiance &#8211; Comp\u00e9tence &#8211; Proximit\u00e9 Besoin d&rsquo;un petit ou d&rsquo;un gros coup de mains ? &nbsp; Nous proposons au domicile du client : Le nettoyage de l&rsquo;habitation et des vitres&hellip; <a href=\"https:\/\/lasource.be\/?page_id=48\" class=\"more-link\">Lire la suite <span class=\"screen-reader-text\">Titres-Services<\/span><\/a><\/p>\n","protected":false},"author":1,"featured_media":0,"parent":40,"menu_order":4,"comment_status":"closed","ping_status":"closed","template":"","meta":{"jetpack_post_was_ever_published":false},"tags":[],"jetpack_sharing_enabled":true,"jetpack_shortlink":"https:\/\/wp.me\/P8UIgU-M","jetpack-related-posts":[{"id":85,"url":"https:\/\/lasource.be\/?page_id=85","url_meta":{"origin":48,"position":0},"title":"Au Fil de l&rsquo;Eau","date":"7 juillet 2017","format":false,"excerpt":"Salon-lavoir\u00a0 -\u00a0 Repassage L'id\u00e9e d'ouvrir un atelier couture, salon-lavoir est apparue en 1984. Au fil du temps, l'id\u00e9e germa pour lui donner naissance en 1987. Apr\u00e8s plusieurs saisons florissantes, on le baptisa \"Au Fil de l'Eau\"... L\u2019atelier \u00ab Au Fil de l\u2019Eau \u00bb propose diff\u00e9rents services tels que : Centrale\u2026","rel":"","context":"Article similaire","img":{"alt_text":"","src":"https:\/\/i0.wp.com\/lasource.be\/wp-content\/uploads\/2022\/04\/Indexation-salon-lavoir-Lessive-300x212.png?resize=350%2C200","width":350,"height":200},"classes":[]},{"id":147,"url":"https:\/\/lasource.be\/?page_id=147","url_meta":{"origin":48,"position":1},"title":"Qui sommes-nous ?","date":"11 juillet 2017","format":false,"excerpt":"La Source, une belle aventure humaine... C\u2019est en 1983 que commence cette belle aventure humaine. A l\u2019initiative du centre de Guidance et du CPAS de Bouillon, divers services \u00e0 la population sont mis en place : Une Maison des Enfants Un Service D\u00e9pannage Un Atelier de Couture Un Salon-Lavoir Un\u2026","rel":"","context":"Article similaire","img":{"alt_text":"","src":"","width":0,"height":0},"classes":[]},{"id":1856,"url":"https:\/\/lasource.be\/?page_id=1856","url_meta":{"origin":48,"position":2},"title":"Formations en orientation professionnelle","date":"27 octobre 2022","format":false,"excerpt":"Vous vous sentez pr\u00eat \u00e0 bouger, \u00e0 d\u00e9couvrir de nouvelles orientations pour construire votre avenir personnel et professionnel ? Nous vous proposons des formations en orientation professionnelle adapt\u00e9es \u00e0 vos besoins ! Je Booste Mon Avenir 28h - Je Cr\u00e9e Mon Avenir 35h \u00a0 \u00a0 \"Bouger, aller \u00e0 la rencontre\u2026","rel":"","context":"Article similaire","img":{"alt_text":"","src":"","width":0,"height":0},"classes":[]},{"id":47,"url":"https:\/\/lasource.be\/?page_id=47","url_meta":{"origin":48,"position":3},"title":"Espace Public Num\u00e9rique","date":"6 juillet 2017","format":false,"excerpt":"Labellis\u00e9 \"EPN de Wallonie\" depuis 2010, La Source vous propose son service unique dans la r\u00e9gion de Bouillon baptis\u00e9 l' EPN de la Semois Vous n'avez pas d'ordinateur ? Cet espace est pour vous ! De nos jours, l'informatique est devenu indispensable et fait partie de notre quotidien. C'est pourquoi\u2026","rel":"","context":"Article similaire","img":{"alt_text":"","src":"","width":0,"height":0},"classes":[]},{"id":42,"url":"https:\/\/lasource.be\/?page_id=42","url_meta":{"origin":48,"position":4},"title":"Formation de base en BUREAUTIQUE","date":"6 juillet 2017","format":false,"excerpt":"Form\u00e9 \u00e0 la pointe du progr\u00e8s, mettez toutes les chances de votre c\u00f4t\u00e9 ! Afin de vous initier ou de vous perfectionner, nous vous proposons diverses formations adapt\u00e9es \u00e0 tous les niveaux \u00a0 Nous proposons des formations informatiques adapt\u00e9es \u00e0 tous les niveaux, destin\u00e9es aux chercheurs d'emploi : La formation\u2026","rel":"","context":"Article similaire","img":{"alt_text":"","src":"https:\/\/i0.wp.com\/lasource.be\/wp-content\/uploads\/2018\/08\/SAM_9977-300x225.jpg?resize=350%2C200","width":350,"height":200},"classes":[]},{"id":45,"url":"https:\/\/lasource.be\/?page_id=45","url_meta":{"origin":48,"position":5},"title":"Centre de Formation CISP","date":"6 juillet 2017","format":false,"excerpt":"Les Centres d\u2019insertion socioprofessionnelle (CISP) assurent la formation de stagiaires \u00e9loign\u00e9s de l\u2019emploi. Ils recourent \u00e0 une p\u00e9dagogie sp\u00e9cifique pour permettre aux stagiaires d\u2019acqu\u00e9rir des comp\u00e9tences g\u00e9n\u00e9rales et techniques, tout en b\u00e9n\u00e9ficiant d\u2019un accompagnement psychosocial. Les CISP remplacent les Organismes d\u2019insertion socioprofessionnelle (OISP) et les Entreprises de Formation par le\u2026","rel":"","context":"Article similaire","img":{"alt_text":"","src":"","width":0,"height":0},"classes":[]}],"_links":{"self":[{"href":"https:\/\/lasource.be\/index.php?rest_route=\/wp\/v2\/pages\/48"}],"collection":[{"href":"https:\/\/lasource.be\/index.php?rest_route=\/wp\/v2\/pages"}],"about":[{"href":"https:\/\/lasource.be\/index.php?rest_route=\/wp\/v2\/types\/page"}],"author":[{"embeddable":true,"href":"https:\/\/lasource.be\/index.php?rest_route=\/wp\/v2\/users\/1"}],"replies":[{"embeddable":true,"href":"https:\/\/lasource.be\/index.php?rest_route=%2Fwp%2Fv2%2Fcomments&post=48"}],"version-history":[{"count":24,"href":"https:\/\/lasource.be\/index.php?rest_route=\/wp\/v2\/pages\/48\/revisions"}],"predecessor-version":[{"id":2887,"href":"https:\/\/lasource.be\/index.php?rest_route=\/wp\/v2\/pages\/48\/revisions\/2887"}],"up":[{"embeddable":true,"href":"https:\/\/lasource.be\/index.php?rest_route=\/wp\/v2\/pages\/40"}],"wp:attachment":[{"href":"https:\/\/lasource.be\/index.php?rest_route=%2Fwp%2Fv2%2Fmedia&parent=48"}],"wp:term":[{"taxonomy":"post_tag","embeddable":true,"href":"https:\/\/lasource.be\/index.php?rest_route=%2Fwp%2Fv2%2Ftags&post=48"}],"curies":[{"name":"wp","href":"https:\/\/api.w.org\/{rel}","templated":true}]}}